
What is the remainder when 586 is divided by 98?
96
What is the remainder when 93 is divided by 11?
5
What is the remainder when 554 is divided by 145?
119
Calculate the remainder when 856 is divided by 66.
64
What is the remainder when 1242 is divided by 1222?
20
What is the remainder when 1275 is divided by 33?
21
Calculate the remainder when 14 is divided by 5.
4
Calculate the remainder when 4325 is divided by 103.
102
Calculate the remainder when 206 is divided by 30.
26
What is the remainder when 4311 is divided by 8?
7
What is the remainder when 99 is divided by 50?
49
Calculate the remainder when 1745 is divided by 832.
81
Calculate the remainder when 44 is divided by 23.
21
Calculate the remainder when 1854 is divided by 133.
125
Calculate the remainder when 262 is divided by 4.
2
What is the remainder when 1301 is divided by 93?
92
What is the remainder when 262 is divided by 11?
9
Calculate the remainder when 5439 is divided by 10.
9
Calculate the remainder when 696 is divided by 134.
26
Calculate the remainder when 168 is divided by 22.
14
What is the remainder when 856 is divided by 11?
9
Calculate the remainder when 4644 is divided by 50.
44
What is the remainder when 463 is divided by 125?
88
Calculate the remainder when 1618 is divided by 136.
122
Calculate the remainder when 2053 is divided by 21.
16
What is the remainder when 22 is divided by 7?
1
What is the remainder when 477 is divided by 12?
9
Calculate the remainder when 62 is divided by 16.
14
Calculate the remainder when 1828 is divided by 10.
8
What is the remainder when 1531 is divided by 168?
19
What is the remainder when 75 is divided by 34?
7
Calculate the remainder when 419 is divided by 48.
35
Calculate the remainder when 74 is divided by 45.
29
What is the remainder when 1986 is divided by 87?
72
Calculate the remainder when 1161 is divided by 580.
1
What is the remainder when 12 is divided by 8?
4
What is the remainder when 277 is divided by 43?
19
What is the remainder when 162 is divided by 29?
17
What is the remainder when 231 is divided by 117?
114
What is the remainder when 158 is divided by 121?
37
Calculate the remainder when 245 is divided by 13.
11
What is the remainder when 6154 is divided by 114?
112
What is the remainder when 145 is divided by 104?
41
Calculate the remainder when 844 is divided by 71.
63
Calculate the remainder when 106 is divided by 5.
1
What is the remainder when 469 is divided by 11?
7
Calculate the remainder when 161 is divided by 41.
38
Calculate the remainder when 746 is divided by 94.
88
What is the remainder when 1399 is divided by 141?
130
What is the remainder when 92 is divided by 20?
12
Calculate the remainder when 381 is divided by 208.
173
Calculate the remainder when 125 is divided by 23.
10
Calculate the remainder when 450 is divided by 57.
51
Calculate the remainder when 1996 is divided by 6.
4
Calculate the remainder when 1147 is divided by 9.
4
Calculate the remainder when 230 is divided by 116.
114
What is the remainder when 203 is divided by 196?
7
What is the remainder when 259 is divided by 66?
61
Calculate the remainder when 1014 is divided by 144.
6
Calculate the remainder when 109 is divided by 85.
24
Calculate the remainder when 3103 is divided by 1032.
7
Calculate the remainder when 486 is divided by 29.
22
What is the remainder when 4653 is divided by 8?
5
What is the remainder when 5813 is divided by 19?
18
Calculate the remainder when 1771 is divided by 111.
106
What is the remainder when 21201 is divided by 91?
89
What is the remainder when 345 is divided by 74?
49
What is the remainder when 5533 is divided by 15?
13
What is the remainder when 1314 is divided by 597?
120
What is the remainder when 287 is divided by 181?
106
What is the remainder when 148 is divided by 19?
15
What is the remainder when 264 is divided by 62?
16
What is the remainder when 2213 is divided by 6?
5
What is the remainder when 243 is divided by 193?
50
Calculate the remainder when 1121 is divided by 9.
5
Calculate the remainder when 10 is divided by 4.
2
Calculate the remainder when 135 is divided by 85.
50
Calculate the remainder when 445 is divided by 48.
13
What is the remainder when 2853 is divided by 136?
133
Calculate the remainder when 66 is divided by 31.
4
What is the remainder when 140 is divided by 18?
14
Calculate the remainder when 130 is divided by 19.
16
Calculate the remainder when 70 is divided by 24.
22
Calculate the remainder when 7884 is divided by 239.
236
Calculate the remainder when 1938 is divided by 1936.
2
What is the remainder when 9557 is divided by 54?
53
Calculate the remainder when 265 is divided by 23.
12
Calculate the remainder when 208 is divided by 38.
18
Calculate the remainder when 3343 is divided by 27.
22
What is the remainder when 1304 is divided by 3?
2
What is the remainder when 239 is divided by 125?
114
What is the remainder when 499 is divided by 42?
37
Calculate the remainder when 83 is divided by 14.
13
What is the remainder when 713 is divided by 21?
20
What is the remainder when 8552 is divided by 2850?
2
Calculate the remainder when 9754 is divided by 12.
10
What is the remainder when 6184 is divided by 17?
13
What is the remainder when 403 is divided by 203?
200
What is the remainder when 218 is divided by 131?
87
What is the remainder when 2684 is divided by 117?
110
Calculate the remainder when 211 is divided by 53.
52
Calculate the remainder when 59 is divided by 13.
7
Calculate the remainder when 175 is divided by 11.
10
Calculate the remainder when 604 is divided by 192.
28
What is the remainder when 42 is divided by 13?
3
What is the remainder when 1691 is divided by 10?
1
Calculate the remainder when 1457 is divided by 30.
17
Calculate the remainder when 120 is divided by 76.
44
Calculate the remainder when 535 is divided by 178.
1
What is the remainder when 202 is divided by 8?
2
What is the remainder when 47 is divided by 17?
13
Calculate the remainder when 3398 is divided by 198.
32
What is the remainder when 3807 is divided by 379?
17
What is the remainder when 62 is divided by 19?
5
Calculate the remainder when 334 is divided by 45.
19
Calculate the remainder when 105 is divided by 12.
9
Calculate the remainder when 19 is divided by 11.
8
What is the remainder when 38181 is divided by 43?
40
What is the remainder when 12168 is divided by 10?
8
Calculate the remainder when 72 is divided by 39.
33
What is the remainder when 85 is divided by 35?
15
What is the remainder when 134 is divided by 52?
30
Calculate the remainder when 67 is divided by 10.
7
Calculate the remainder when 23392 is divided by 21.
19
Calculate the remainder when 41 is divided by 15.
11
Calculate the remainder when 2735 is divided by 19.
18
Calculate the remainder when 186 is divided by 17.
16
Calculate the remainder when 6016 is divided by 17.
15
Calculate the remainder when 238 is divided by 39.
4
What is the remainder when 34 is divided by 18?
16
What is the remainder when 95 is divided by 33?
29
Calculate the remainder when 104 is divided by 60.
44
What is the remainder when 2462 is divided by 16?
14
Calculate the remainder when 119 is divided by 7.
0
Calculate the remainder when 202 is divided by 17.
15
What is the remainder when 1018 is divided by 147?
136
What is the remainder when 32 is divided by 18?
14
What is the remainder when 365 is divided by 41?
37
Calculate the remainder when 25 is divided by 1.
0
What is the remainder when 137 is divided by 34?
1
What is the remainder when 2208 is divided by 13?
11
Calculate the remainder when 56 is divided by 20.
16
Calculate the remainder when 3839 is divided by 765.
14
What is the remainder when 712 is divided by 60?
52
Calculate the remainder when 822 is divided by 23.
17
Calculate the remainder when 720 is divided by 21.
6
What is the remainder when 209 is divided by 38?
19
Calculate the remainder when 5755 is divided by 86.
79
What is the remainder when 904 is divided by 297?
13
What is the remainder when 169 is divided by 53?
10
What is the remainder when 89 is divided by 19?
13
Calculate the remainder when 849 is divided by 17.
16
Calculate the remainder when 67 is divided by 38.
29
What is the remainder when 98 is divided by 40?
18